e the remainder when 2 is divided by w.
0
Let l = -27 - -29. Calculate the remainder when 141 is divided by (1/(-1 - l))/(36/(-1404)).
11
Let q = 32 - 2. Suppose -2*l = 3*i - 3*l - 176, -i + 3*l = -64. Calculate the remainder when i is divided by q.
28
Suppose 5*q = 7*q - 40. Let y = q + -14. Suppose c = -3*u + 41, -4*u - c = -y*c - 61. Calculate the remainder when u is divided by 3.
2
Suppose 0 = 3*r + 29 - 5. Let t(d) = -d**3 - 8*d**2 - 2*d - 1. Let k(a) = a**3 + 8*a**2 + 9*a. What is the remainder when k(-4) is divided by t(r)?
13
Let d = -5 - -5. Let k(m) = -2 + 3*m + d + 11*m + 26*m. Calculate the remainder when k(1) is divided by 20.
18
Let l = 72 - 37. Let m = -241 + 253. Calculate the remainder when l is divided by m.
11
Let l be 1 - (-2)/(2 - 3). Let y = l + 3. Suppose 0 = 3*d - 2*u - 108 + 33, -y*u = -d + 25. What is the remainder when d is divided by 13?
12
Suppose -4*h = -h - 42. What is the remainder when 2*22 - (-7 - 3) is divided by h?
12
Suppose -7*l = -566 - 50. Calculate the remainder when l is divided by 9.
7
Let b(q) = -97*q - 36. Calculate the remainder when b(-2) is divided by 37.
10
Let a = -31 - -35. Suppose -a*l + 84 = -0. Suppose 2*w - 42 = n, -w + n + l = -4*n. What is the remainder when w is divided by 12?
9
Let r(x) = 3*x + 86. What is the remainder when r(-10) is divided by 19?
18
Let f = 753 + -587. What is the remainder when f is divided by 6?
4
Suppose 0*x + 4*x - 4*p = 8, -14 = -4*x + p. Let n = -179 + 187. Calculate the remainder when n is divided by x.
0
Let u(q) be the first derivative of q**4/4 + 8*q**3/3 + 5*q**2/2 - 14*q - 27. Calculate the remainder when u(-6) is divided by 10.
8
Let m(i) = -i**3 + 9*i**2 + 10*i + 2. Let n be m(10). Let x = n + 0. Let g(z) = 4*z**2 - 3*z - 1. Calculate the remainder when g(-1) is divided by x.
0
Let z = -86 - -102. Suppose 3*g + z = q, -31 = -0*q - 2*q + 5*g. Calculate the remainder when 62 is divided by q.
10
Let x be (-1155)/(-4) + 2/8. Suppose 5*d - x = -2*t, 5*d = 5*t + 251 - 1026. What is the remainder when t is divided by 31?
28
Let t(a) = 2*a**2 + a - 4. Let w be t(2). Suppose 2*o = -0 + w. Suppose -18 = -h + 3*r, o*r = 4*h - 0*r - 117. Calculate the remainder when 64 is divided by h.
31
Let s = 28 + -24. Let z be (6/s)/((-3)/(-4)). Calculate the remainder when (-109)/(-2) - z/4 is divided by 14.
12
Suppose -10*c + 8 = -72. Let l(o) = -3*o + 3. Let n be l(-7). Let k = n + -10. Calculate the remainder when k is divided by c.
6
Suppose -2*b + 3*b = -4, u + b - 24 = 0. What is the remainder when (25/50)/(2/u) is divided by 26/7 + (-4)/(-14)?
3
Let j(g) = -g**3 + 7*g**2 + 7*g - 4. Let s be j(7). Suppose 260 = 5*v + s. Let m = -25 - -36. What is the remainder when v is divided by m?
10
Let w(c) = -4*c**2 + 5*c + 11. Let n(y) = -21*y**2 + 24*y + 56. Let l(m) = 2*n(m) - 11*w(m). What is the remainder when 83 is divided by l(6)?
20
Let d = -140 - -277. Calculate the remainder when d is divided by 23.
22
Suppose 2*a + 379 = 3*r, 5*r - 639 = 3*a - 7*a. Suppose 15*t - 128 - r = 0. What is the remainder when 55 is divided by t?
4
Let r be (1 + -2)/(8/48). Let y = 19 + r. Let s = -16 + 67. Calculate the remainder when s is divided by y.
12
Let m(g) = -46*g - 130. Calculate the remainder when m(-3) is divided by 7.
1
Let b be -3*(0 - -1)*-1. Suppose b = 2*f - 19. What is the remainder when 151 is divided by f?
8
Let d = -578 + 1278. Calculate the remainder when d is divided by 141.
136
Suppose 28*v = 25*v + 138. Calculate the remainder when (-2)/(-2 - 720/(-362)) is divided by v.
43
Let u = 90 - 11. What is the remainder when u is divided by 52?
27
Suppose 18 + 30 = -12*y. What is the remainder when (2672/4)/4 + y is divided by 41?
40
Let o be (-686)/(-35) + (-2)/(-5). What is the remainder when (o - (-1)/(-1)) + 1 is divided by -3*33/(-9) + 0?
9
Let i = 32 - 6. Let n(y) = y**3 + 16*y**2 + 16*y - 13. Let x be n(-15). Let a = x - -37. What is the remainder when i is divided by a?
8
Let y(q) = -16*q - 1083. What is the remainder when 289 is divided by y(-68)?
4
Suppose -49*s + 63*s = 336. Calculate the remainder when 53 is divided by s.
5
Suppose 5*j - 33 = 397. Suppose 2*h = 2 + j. Suppose 3*a - h = a. What is the remainder when a is divided by 12?
10
Let a(l) = 2*l**2 - 88*l + 713. Calculate the remainder when a(9) is divided by 41.
1
Let v be (-753)/(-9) + 3/9. Let b = v - 42. Calculate the remainder when b is divided by 9.
6
Suppose -j - 4 = -3*j. Let d = 13 - j. What is the remainder when 367/9 + 34/153 is divided by d?
8
Let w = 18 - 8. Let x = 29 - 27. Suppose 3*u - 14 = -x*q + 2*u, -7 = -q + 2*u. Calculate the remainder when w is divided by q.
3
Suppose -5*v + 67 = 7. What is the remainder when (-2)/(-6) - (32/(-12) + -1) is divided by (-1)/(-2) - (-18)/v?
0
Suppose -38*d + 558 = 24*d. Calculate the remainder when 92 is divided by d.
2
Let m(p) be the third derivative of 65*p**4/24 + 5*p**2. Calculate the remainder when m(1) is divided by 17.
14
Let k(m) = m**3 - 7*m**2 + 4*m + 9. Let i be k(6). Let u = 7 + i. Suppose u*d - 8 + 0 = 0. Calculate the remainder when 10 is divided by d.
0
Suppose 5*s = 2*p - 64, -5*p + 5*s = -p - 108. Suppose -p*q = -31*q + 27. Let f(j) = -2*j - 3. What is the remainder when f(-6) is divided by q?
0
Suppose -4*p = 8*f - 7*f - 207, -2*p = 4*f - 814. Calculate the remainder when f is divided by 36.
23
Let p(b) = -b + 10. Let n be p(11). Let s(m) = 17*m**2 + m - 1. Calculate the remainder when s(n) is divided by 10.
5
Let i = -6 + 10. Suppose -i*x = -4*r + 37 + 11, -3*r + 40 = -x. Suppose -g = r - 63. What is the remainder when g is divided by 17?
15
Let a = 11 + -2. Suppose -3*l + 0*l + 6 = 0. Suppose 2*v - 2*h = 20, -v + l*h = 3*v - 34. Calculate the remainder when a is divided by v.
2
Let r be (-12)/8*(-2)/1. Suppose -2*y - 2*y + 32 = -4*w, 3*w - 5*y = -24. Calculate the remainder when 3 is divided by (w/12 - -1)*r.
0
Suppose -5*n + 0*n = r - 649, 2*n - 256 = -4*r. Calculate the remainder when n is divided by 17.
11
Suppose 0 = 16*g - 21*g + 145. Calculate the remainder when g is divided by 8.
5
Suppose -3*o + 1 = -5. Suppose 4*m - 5*q = -q, 5*q - 28 = -o*m. Suppose -10 = -m*c + 2. Calculate the remainder when 4 is divided by c.
1
Let t = 175 - 113. Let j(b) = -b**3 - 4*b**2 - 8*b + 1. Calculate the remainder when t is divided by j(-4).
29
Suppose 19 = 4*t + 7. Suppose t*i - 4*d - 190 = 0, 3*d - 46 = i - 2*i. Calculate the remainder when i is divided by 20.
18
Calculate the remainder when 58 is divided by (12/15)/((-232)/60 + 4).
4
Let f be (7 + -4)*88/12. Let n(m) = -m**3 + 22*m**2 + m - 13. What is the remainder when 23 is divided by n(f)?
5
Suppose -20*i + 19*i = -32. Calculate the remainder when 58 is divided by (-108)/i*-6 - 2/8.
18
Suppose 6*u = u + 25, 1073 = 2*m - u. Suppose 0 = 7*g + 4*g - m. What is the remainder when 96 is divided by g?
47
Suppose -3*h + 24 = m, 0 = -3*h - 3*m - 0 + 30. Let s = 208 - 132. What is the remainder when s is divided by h?
6
Let j(f) = -3*f + 16. Let r be j(8). What is the remainder when (9 + r)/(3/78) is divided by 16?
10
Let d be (-10)/(-8) + (-225)/(-60). Suppose d*z - 1 = 2*z - 5*w, 2*z - 2*w - 22 = 0. Calculate the remainder when 31 is divided by z.
3
Let m = 31 - 29. Suppose 0*z = -5*z + 50. Suppose m*h = 3*h - z. What is the remainder when 27 is divided by h?
7
Suppose 2745 = 16*q - 87. Let m = -118 + q. Suppose -2*g = k - 33, -5*g + 83 = -0*k + 3*k. Calculate the remainder when m is divided by g.
11
Let c(k) = -k**3 + 6*k**2 - k - 2. Let g(d) = -d**2 - 10*d - 1. Let a be g(-11). Let p = a + 64. Calculate the remainder when p is divided by c(5).
16
Let r = 188 + -104. What is the remainder when (-2 + (-8)/(-6))/((-2)/r) is divided by 11?
6
Let o(g) = 3*g + 15. Let t(v) = 4*v + 22. Let l(m) = -7*o(m) + 5*t(m). What is the remainder when 31 is divided by l(-3)?
7
Let b be (12/(-7))/(10/70). What is the remainder when 26 is divided by (0 - b/15) + 31/5?
5
Let f be (-2)/(-4) - (-1379)/(-14). Let v = 162 + f. Let a = v - 41. Calculate the remainder when 67 is divided by a.
21
Let v be (24/(-12))/(1/(-5)). Let i = 12 - v. Suppose 1 = -2*x + 5. What is the remainder when i is divided by x?
0
Let f be 2/10 + 162/90. Suppose -3*n = 3*m - 214 + 28, 0 = -n + f. Calculate the remainder when 359 is divid